 what is -1100101 + 100?
-1100001
In base 6, what is -3 + -141?
-144
In base 13, what is -12 - 254?
-266
In base 4, what is 2112220 - 2?
2112212
In base 8, what is -4 - -470?
464
In base 11, what is 444 + 0?
444
In base 6, what is -20 - 322?
-342
In base 16, what is -9e + 5?
-99
In base 7, what is 4 - -504?
511
In base 10, what is 4 + 583?
587
In base 7, what is -5035 - 3?
-5041
In base 4, what is -11201 + -303?
-12110
In base 2, what is -1000011110 + -1010?
-1000101000
In base 16, what is -75 - -1?
-74
In base 4, what is -2032332 - 11?
-2033003
In base 8, what is -16 + -1733?
-1751
In base 14, what is -16 - 23?
-39
In base 14, what is 79 + -2?
77
In base 16, what is -7a - -6?
-74
In base 14, what is -6 - c?
-14
In base 4, what is -31202 + -10?
-31212
In base 7, what is 1 + -10332?
-10331
In base 2, what is -1101010110 + 10?
-1101010100
In base 12, what is -2a7 - 3?
-2aa
In base 4, what is -2 - -332?
330
In base 5, what is -1 - -13212?
13211
In base 5, what is 243 + 2?
300
In base 15, what is 24 + -4?
20
In base 4, what is -12232 - 11?
-12303
In base 14, what is -aa - -80?
-2a
In base 2, what is -1001100 - -10101?
-110111
In base 10, what is 22 - 2?
20
In base 8, what is 1 - -77?
100
In base 16, what is 4 + 7f?
83
In base 11, what is 3 - -106?
109
In base 6, what is 14 - -3?
21
In base 2, what is -111 + 1000000001?
111111010
In base 8, what is -12 - 70?
-102
In base 3, what is -2021 - 2121?
-11212
In base 8, what is 611 + 0?
611
In base 3, what is 2002 - 2000?
2
In base 5, what is -2 + -1340?
-1342
In base 11, what is -19 - a8?
-116
In base 5, what is 121 + 0?
121
In base 3, what is 2202122 - -10?
2202202
In base 5, what is 2 - 101244?
-101242
In base 5, what is -24 + -23?
-102
In base 11, what is -406 - a?
-415
In base 13, what is 4 - -304?
308
In base 14, what is 18 + -9?
d
In base 12, what is -5a + -2?
-60
In base 7, what is 4 - -22?
26
In base 14, what is 1 + 381?
382
In base 15, what is -5 + -38?
-3d
In base 13, what is -74 + -5?
-79
In base 6, what is 541 + -443?
54
In base 16, what is 1f1d - 5?
1f18
In base 7, what is -4 - -4?
0
In base 14, what is 1a6 + 0?
1a6
In base 4, what is 13 + -1231?
-1212
In base 8, what is -564 - -4?
-560
In base 3, what is 11 - 1200?
-1112
In base 4, what is 23 + 302?
331
In base 9, what is 8 - 6376?
-6367
In base 6, what is -3 + -532?
-535
In base 14, what is 1c + -32?
-14
In base 5, what is 1140 + 10?
1200
In base 14, what is 9 - 119?
-110
In base 4, what is 131 + 233?
1030
In base 7, what is 23 - -5?
31
In base 13, what is -1 + 825?
824
In base 10, what is -2 + -104?
-106
In base 15, what is -10 + 6?
-9
In base 12, what is 11 - 15?
-4
In base 11, what is -3 - -30a?
307
In base 6, what is -10 + 5?
-1
In base 5, what is -10 - 1021?
-1031
In base 14, what is -8 - 154?
-15c
In base 13, what is 5ab8 + 2?
5aba
In base 2, what is -1000011001 + 1?
-1000011000
In base 4, what is -102202 + -10?
-102212
In base 13, what is -8 + -2a?
-35
In base 16, what is 2 + -91c?
-91a
In base 7, what is -3230 - 4?
-3234
In base 9, what is 16 + -57?
-41
In base 16, what is f9 + 0?
f9
In base 4, what is -1 - -11010?
11003
In base 6, what is -11 - 22?
-33
In base 12, what is 2b1 - -2?
2b3
In base 9, what is 5 - -2713?
2718
In base 11, what is 566 - -2?
568
In base 10, what is -12 + -4?
-16
In base 16, what is -3 - 115?
-118
In base 15, what is -18 - -4b?
33
In base 3, what is 11120 + 1?
11121
In base 15, what is b1 - -7?
b8
In base 7, what is -12 + -2?
-14
In base 8, what is -11172 - 5?
-11177
In base 4, what is -10120 + -3?
-10123
In base 5, what is -3400 + 1?
-3344
In base 5, what is 3401 - -2?
3403
In base 3, what is 2000 + -1121?
102
In base 13, what is 3 + -15?
-12
In base 15, what is d + 93?
a1
In base 5, what is 10321 + 2?
10323
In base 11, what is 2 - -220?
222
In base 5, what is -2414 + -104?
-3023
In base 9, what is -612 - 2?
-614
In base 5, what is 3 + -43?
-40
In base 5, what is 103320 + 3?
103323
In base 14, what is 619 - 2?
617
In base 13, what is a + -329?
-31c
In base 2, what is 1101001011 - 101?
1101000110
In base 6, what is -11 + 3?
-4
In base 2, what is 11 - -11000?
11011
In base 9, what is -210 - 42?
-252
In base 6, what is 5414 + 10?
5424
In base 12, what is -1aa + -3?
-1b1
In base 8, what is 2 - -772?
774
In base 9, what is -3 + -5385?
-5388
In base 10, what is 1 - 51?
-50
In base 9, what is 25 + 1260?
1285
In base 15, what is ee - -44?
143
In base 2, what is 100 + -110011001100?
-110011001000
In base 3, what is -211120211 - 12?
-211121000
In base 10, what is -50 + -5?
-55
In base 10, what is 2 - -1819?
1821
In base 4, what is -20302011 - 10?
-20302021
In base 15, what is 6 - -1e6?
1ec
In base 10, what is 1468 - -4?
1472
In base 9, what is -3 + -21?
-24
In base 12, what is 2 - -294?
296
In base 11, what is -19 + -21?
-3a
In base 6, what is 5 - 53520?
-53511
In base 3, what is -12 - 100011001?
-100011020
In base 3, what is 12 + -12201?
-12112
In base 4, what is -13 - 102003?
-102022
In base 4, what is -132313 + 1?
-132312
In base 7, what is 2 - 161?
-156
In base 11, what is -1 + -17?
-18
In base 13, what is -47 - -1?
-46
In base 7, what is -12461 - -12?
-12446
In base 10, what is -40 + 5?
-35
In base 7, what is -2442 - 1?
-2443
In base 14, what is 0 + aa?
aa
In base 2, what is 0 - 1110010?
-1110010
In base 5, what is 123 + -2?
121
In base 10, what is 2 - -7?
9
In base 2, what is -11 + -10111110?
-11000001
In base 9, what is -1625 - 2?
-1627
In base 2, what is -11110110000 + 11?
-11110101101
In base 4, what is 113 - -21?
200
In base 8, what is -116 + -7?
-125
In base 16, what is 3 - -95?
98
In base 4, what is -1223211 + 2?
-1223203
In base 13, what is 52 + -4?
4b
In base 3, what is 1210 - -10?
1220
In base 9, what is -348 - 8?
-357
In base 12, what is -5b - -1?
-5a
In base 14, what is c + -12?
-4
In base 9, what is 281 - 3?
277
In base 9, what is -178 + -33?
-222
In base 12, what is -14 + -1a?
-32
In base 13, what is -1 - -13?
12
In base 14, what is 2bb - 1?
2ba
In base 7, what is 1 - -52?
53
In base 15, what is -340 - 0?
-340
In base 6, what is -2 - -113?
111
In base 15, what is 1 + -15c?
-15b
In base 13, what is 2 + -23?
-21
In base 13, what is 0 + aa?
aa
In base 9, what is 6 + -176?
-170
In base 14, what is -4 + -255?
-259
In base 3, what is 21 - 2?
12
In base 14, what is 5 - -26?
2b
In base 6, what is 212 + 4?
220
In base 15, what is -5 - 3e2?
-3e7
In base 14, what is -19 - 0?
-19
In base 12, what is 6 - 245?
-23b
In base 5, what is -401 - -10?
-341
In base 2, what is 1011111011 + 101?
1100000000
In base 4, what is -3 - 1211102?
-1211111
In base 11, what is 92 + 1?
93
In base 2, what is 1110 + 1011001?
1100111
In base 9, what is -18 + -202?
-221
In base 7, what is -1 + 11?
10
In base 8, what is 3062 + -24?
3036
In base 2, what is 10110011010 - 101?
10110010101
In base 8, what is 4 - -3556?
3562
In base 11, what is 12 - -31?
43
In base 15, what is 33 + -1?
32
In base 9, what is -1 + 3017?
3016
In base 15, what is 94 + d?
a2
In base 8, what is 103 - 25?
56
In base 15, what is 1 + -c?
-b
In base 6, what is -1 - -424?
423
In base 3, what is 11 - 1001210?
-1001122
In base 2, what is -111010001 - 100?
-111010101
In base 10, what is 25 + -4?
21
In base 9, what is 1383 + 2?
1385
In base 15, what is -4b + 5?
-46
In base 12, what is -12 - -6b?
59
In base 9, what is -475 - -13?
-462
In base 14, what is 50 + -15?
39
In base 14, what is -14 - 41?
-55
In base 5, what is 113 - -32?
200
In base 5, what is -10312 - -1?
-10311
In base 10, what is -5 + -72?
-77
In base 13, what is -5 + -1b95?
-1b9a
In base 9, what is 11 + -1262?
-1251
In base 9, what is 20 + -1568?
-1548
In base 5, what is 4 - 2123?
-2114
In base 7, what is 4 + -6634?
-6630
In base 15, what is c + -1?
b
In base 3, what is 12 + 220011?
220100
In base 9, what is 132 - 4?
127
In base 16, what is 14f3 + -2?
14f1
In base 10, what is 0 - 24?
-24
In base 9, what is 5 + -653?
-647
In base 14, what is -3 - 19?
-1c
In base 4, what is 11 - -2?
13
In base 9, what is 68 - -132?
211
In base 14, what is 1a9 - 3a?
16d
In base 4, what is -10 + 31013?
31003
In base 2, what is 11001 + -1011?
1110
In base 16, what is 5 - -16?
1b
In base 3, what is 111 + 120?
1001
In base 6, what is -23 + 340?
313
In base 8, what is 130 - 16?
112
In base 14, what is -162 + 1?
-161
In base 13, w